= -v**3 + 14*v**2 - 8*v + 14. Is g(j) a composite number?
True
Suppose h - 51 = 86. Suppose -h = -q + 39. Let v = q - 57. Is v a prime number?
False
Suppose -5*u - 44261 = -3*z, 5*z + 6*u - 73727 = 4*u. Let r = -3284 + z. Is r a prime number?
False
Let x = 8173 - -176. Suppose -5*g - q - x = -1965, 0 = -5*g - 3*q - 6392. Let w = g - -2633. Is w a prime number?
False
Let m(d) = -d**2 - 10*d + 23. Let g be m(-11). Suppose -14*h + 2106 = -g*h. Let n = -420 + h. Is n prime?
False
Let p(y) = 411*y**3 + 27*y**2 - 5*y + 5. Is p(18) a prime number?
False
Let d(s) = 3*s + 877. Let z be d(0). Suppose 30*u - z - 1613 = 0. Is u a prime number?
True
Let p = 3511 + -2427. Is p - -1 - 4/(-5 - -3) a composite number?
False
Let i(o) = 65*o - 20. Let b be i(-19). Let z = b + 560. Let k = z - -1106. Is k prime?
False
Let x(p) = -29*p + 1369*p + 73 + 1224*p. Is x(14) prime?
True
Suppose 104*l = 98*l + 36. Let y(p) = 2963*p - 121. Is y(l) a composite number?
False
Suppose -19*j + 1622533 = -21*j + 13*j. Is j a prime number?
True
Suppose -147*s + 149*s = -12. Is 150783/s*8/(-4) composite?
False
Let r = 13212 + 161711. Is r a prime number?
False
Suppose -8*d + 1011546 = -1317136 - 82334. Is d prime?
False
Let s be 10 + 35/(-14)*(-12)/(-5). Suppose -s*a + 5*a + 2*n = 5917, 0 = 3*a - 3*n - 17778. Is a a prime number?
True
Let k(b) = -555*b - 14. Suppose -4*p = -3*z + 201, -3*p = 2*z - z - 67. Let u = z - 70. Is k(u) a composite number?
True
Let j = -92447 + 862290. Is j a composite number?
True
Let j be 10/(-5)*(-1)/(-3)*-3. Let a(d) = 159*d**2 + 3*d - 2. Let k be a(j). Suppose -l + 121 + k = 0. Is l prime?
True
Suppose -46*x + 18076772 = -18*x. Is x a prime number?
True
Is ((277986672/108)/62)/(1/3) a composite number?
True
Let q(l) = -3*l**2 + 103*l. Let g be q(34). Suppose -g*c - 5227 = -35*c. Is c prime?
True
Let n(w) be the first derivative of -w**3/3 - 9*w**2/2 + 2371*w - 191. Is n(0) a composite number?
False
Let u = -760 - -788. Is -21943*(7/(u/(-4)) - 0) prime?
True
Is (8/(-14) - 228/(-252))*(-1 - -2651764) a prime number?
True
Let s(h) be the third derivative of -95*h**4/12 - 13*h**3/2 - 62*h**2 - 2*h. Is s(-8) composite?
False
Is (-2)/8*(-15)/(-60)*-16*126361 a prime number?
False
Let p(y) = y**3 - 89*y**2 + 336*y + 45. Is p(88) a composite number?
True
Let h = 47965 + -5066. Is h a composite number?
False
Let j = -249 + 890. Suppose 3*r - j = 5*y + 341, 2*r + 3*y = 680. Suppose 2*w - 165 = p - 492, p + 5*w - r = 0. Is p composite?
True
Let h be 5/((-1408)/(-200) + -7). Suppose a = -3*k + 1749, 2*k + 5*a - h = 1041. Is k a composite number?
True
Let x be 14/(-21) - 4/(-6). Suppose -4*u - 91 = -x*k + 5*k, -k - 27 = 3*u. Is (-1467)/(-5) - (-6)/k composite?
False
Is 18/(-2) - 5/((-40)/7447712) composite?
True
Is ((-4)/(-18) + (-16)/(-9))/((-44)/(-385858)) a composite number?
False
Let l(c) = -12*c + 11. Let o(a) = -a**3 - 4*a**2 + 8*a + 4. Let v be o(-5). Let w be l(v). Suppose -6*h + w + 55 = 0. Is h composite?
True
Let f = -382 - -396. Let m(q) = 14*q**3 - 8*q**2 - 24*q - 33. Is m(f) composite?
False
Suppose -44382884 = 1210*o - 1238*o. Is o a composite number?
True
Let z(f) = -126*f**2 + 7*f + 18. Let s(w) = 251*w**2 - 15*w - 37. Let o(g) = -4*s(g) - 9*z(g). Is o(-5) composite?
False
Let w(t) = 609*t + 14. Let s(u) = -305*u - 7. Let n(i) = -5*s(i) - 3*w(i). Suppose -3*j - 15 = 5*z - 4*z, -24 = 3*j + 4*z. Is n(j) prime?
True
Suppose -112233 - 468952 - 1804 = -11*n. Is n composite?
False
Suppose -64 = -3*x + w, -2*x + 3*w = 4*w - 46. Suppose -v + 6938 = 3*d, -13885 = x*v - 24*v + 3*d. Is v composite?
True
Is 56402*(88/(-16) - -6) a prime number?
True
Suppose 3*m = -3*y + 29898, 575*y - 570*y - 49800 = m. Is y a prime number?
False
Let d = 51 + -31. Suppose -j + d = 3*j. Suppose 5*k = 3*k - j*z + 1267, -5*z = 5*k - 3190. Is k a prime number?
True
Suppose 0 = 246*t - 249*t - 2481. Let n = 80 - t. Is n a composite number?
False
Let s be (0/2 + 6)/(-155 - -153). Is -1174*(s*65/(-10))/(-3) a composite number?
True
Let p be 8/(-10) + (-19)/(-5). Is (p/(-1))/((-39)/598) a composite number?
True
Let k(h) = 10*h**2 - 51*h + 7. Let r be k(5). Let x be 3/(-9) + 7/3. Is (-10 - -503) + r + x a prime number?
False
Suppose -3*x + 6*x = 5*x. Suppose -3*l - c + 0*c + 18388 = x, -c = -3*l + 18398. Is l a prime number?
True
Suppose -108 = -4*l + 4*x, -3*x = 4*l + x - 68. Let k = 225 - l. Is k a prime number?
False
Let p = 525 - -3366. Is p composite?
True
Suppose -3*s + 10073 = 4*y, -3*s + 2*y + 5365 = -4714. Is s prime?
True
Suppose 5*g + 2*m = 21, -4 = 4*m - 2*m. Is g - -9*18*3 prime?
True
Suppose -15*q - 1669 = -384514. Is q composite?
False
Suppose 10*b = 13*b - 9. Is ((-4917)/55)/(b/(-15)) composite?
True
Let a = 4036 - 1060. Let o = a - 1899. Is o prime?
False
Let v(y) be the first derivative of -y**4/12 + 10*y**3/3 - 8*y**2 + 2*y + 8. Let f(c) be the first derivative of v(c). Is f(19) a prime number?
True
Let w(t) = 2*t - 6 - 2*t + 8 + 2*t. Let d be w(1). Is (158/d)/(15/30) a composite number?
False
Let i(q) = q + 1. Let t(s) = 225*s + 14. Let b(z) = 2*i(z) + t(z). Let p be (-8883)/(-1833) + 2/26*2. Is b(p) a prime number?
True
Let j be (-6 - 32/(-5)) + 8234/(-10). Let s be (-3)/(-2)*36/(-27). Is 2/4 + -1 + j/s a composite number?
True
Let k be 2/(-13) - (-6)/((-234)/5649). Let q be k/(-45) - 2/9. Suppose t + 0*x + 3*x - 844 = 0, 6 = q*x. Is t prime?
False
Suppose 0 = 84*u - 276*u - 1296796 + 12520924. Is u composite?
True
Let o(u) = u**3 + 22*u**2 - 4*u - 1. Let q be o(-17). Suppose d - 2477 = q. Is d composite?
False
Suppose 4*f - 11*p - 5665 = 0, 69*p = 4*f + 70*p - 5581. Is f a composite number?
True
Let o(g) = -g**3 + 11*g**2 - 13*g - 11. Let y(j) = -j**3 + 12*j**2 - 13*j - 11. Let b(u) = -5*o(u) + 6*y(u). Let t = 257 + -243. Is b(t) a prime number?
False
Let a = -32 - -29. Let c be (-4)/((-8)/a)*(-1 + -1). Suppose -3*p - p - 11625 = -5*o, -c*p - 6972 = -3*o. Is o a composite number?
True
Let h = 565599 + -378596. Is h a prime number?
True
Let d = -508 - -512. Suppose 0*f + f = -d*j + 49996, -3*j + f = -37497. Is j composite?
True
Let u(m) = 2*m**3 + 216*m**2 - 38*m - 351. Is u(-103) composite?
True
Let l = 980034 - 422473. Is l composite?
True
Let w be ((-9)/15)/((-2)/10). Let a(v) = 31 + v**2 + 4*v + w*v - 18. Is a(-15) prime?
False
Suppose 0 = 6*b + 14 + 4. Is 7627/(1*(-4 + (-15)/b)) composite?
True
Let t(j) = -2366*j + 114. Let l be t(-8). Let k = l + -8391. Is k composite?
False
Suppose 3*r - 63 = 5*w + 127, -w = -1. Let y(s) = 46*s + 21*s + 16 - r*s + 21*s. Is y(3) prime?
False
Let r(o) = 622*o**3 - 18*o**2 + 27*o - 15. Is r(6) a prime number?
False
Suppose 5*v - 3*i - 819856 = 0, 3*v - 5*v + 327931 = -5*i. Is v composite?
False
Is (-25)/200 + 145650/16 + 0 prime?
True
Is (-190843241)/(-206)*12/34 a composite number?
True
Suppose -4*y = -2*y + 8, 23 = 3*f + 4*y. Suppose -17*s + 70604 = -f*s. Is s prime?
False
Suppose 69 - 1 = -4*x + 4*s, -5*s = -4*x - 71. Let n = -11 - x. Suppose -n*v + 4*v - 211 = 0. Is v prime?
True
Suppose -66*y + 9875096 = -22834570. Is y a composite number?
True
Let x(v) = 708*v**2 - 144*v + 815. Is x(6) prime?
True
Let d = -1728 - -39618. Suppose -57087 = -9*w + d. Is w a prime number?
False
Suppose -452*s + 157414449 - 45740165 = 0. Is s a composite number?
False
Let t(l) = -l**2 - l. Let f = 33 + -34. Let d be t(f). Suppose -70 = -2*y - 5*a, d*a + 2*a = 3*y - 105. Is y prime?
False
Let w(z) = -2610*z**3 + 4*z**2 + 4*z - 5. Let f(t) = 2610*t**3 - 3*t**2 - 3*t + 4. Let a(o) = -4*f(o) - 3*w(o). Suppose 67*d + 39*d = -106. Is a(d) composite?
False
Let a(v) = 162*v**2 + 269*v - 2126. Is a(8) a composite number?
True
Let q(f) = 6519*f - 79. Let b be q(6). Let a = 79122 - b. Is a prime?
True
Suppose 5*u - 756365 = z, -302546 = -58*u + 56*u + z. Is u a composite number?
False
Let f(c) = 7*c**2 - c - 71. Let y be f(29). Is (y/2)/(-3)*(-36)/27 prime?
False
Let l(g) = -33*g - 256. Let x be l(-8). Is -3*x*9/(-36) - -1651 a prime number?
True
Is (-12889)/4*2*(-4)/2 a prime number?
True
Suppose -o + 14 = -t + 4*t, -4*t = 2*o - 22. Suppose -2*v + 5*p = -17047, -12*p - 42649 = -o*v - 10*p. Is v a prime number?
False
Suppose 0 = 4414*r - 4413*r - 81611. Is r composite?
False
Suppose 67*j = -45*j. Let z(x) = x**2 + x + 2. Let t be z(-2). Suppose -t